ber?
True
Suppose 4*u + 0 - 12 = 0. Suppose 4*p = -5*w - 7 + 34, 8 = 2*w + 3*p. Is (2 - w/u)*-75 composite?
True
Is 25617 - (0 + -6 + 2) prime?
True
Let i(l) be the first derivative of l**4/4 - l**3 - 3*l**2/2 + l - 8. Let u be i(4). Suppose -b + 570 = 2*c, 1439 = 5*c + 4*b - u*b. Is c a composite number?
True
Let m be 2/14 - (-15697)/77. Suppose -721 = -5*r + m. Is r a composite number?
True
Suppose 96670 = 34*t - 24*t. Is t a composite number?
True
Let i = 7 + 0. Let w be (i/(-7))/(2/(-10)). Suppose 2*r - 2*k + w = 119, 238 = 4*r + k. Is r a prime number?
True
Suppose 2*y - 5*y + 996 = 0. Let b = 853 - y. Is b a prime number?
True
Let c = -315 - -5410. Is c a composite number?
True
Let x(w) = 7*w**2 - 4*w**2 - 2 + 8*w + 2*w + 14*w**2 + w**3. Is x(-15) composite?
True
Let n = 33 - 30. Suppose 0 = v - 4*v + 2*h + 59, 0 = v - n*h - 8. Is v prime?
True
Suppose 988*d - 987*d - 1759 = 0. Is d a prime number?
True
Suppose x + 5*d - 487 = 624, 5615 = 5*x - 5*d. Is x a composite number?
True
Let m = -152 + 234. Let r(o) = -11*o - 7. Let f be r(8). Let k = m - f. Is k a prime number?
False
Let j(o) = -758*o - 943. Is j(-9) composite?
False
Let u = 43 + -39. Is 161*u*(-3)/(-12) prime?
False
Is 135002/28 + 15/(-6) prime?
False
Suppose 0 = -3*o - 12, o - 29152 = -4*m + 6*o. Is m a prime number?
True
Suppose 0 = -2*p + 296 + 166. Suppose 0 = 4*a - 3*u - 308, 3*a + u + 2*u - p = 0. Is a a composite number?
True
Let p(v) = -v**2 + 18*v + 29. Is p(10) composite?
False
Suppose 0 = -5*x + 10, -x - 128 = -5*z - 0*x. Let p = -26 + z. Suppose p = -4*b + 4218 - 958. Is b a composite number?
True
Let h(k) be the second derivative of -7*k**3 - 5*k**2/2 + 15*k. Is h(-8) composite?
False
Suppose 4*l + 5*v = -12367 + 46994, -v + 34647 = 4*l. Is l a prime number?
True
Suppose -4 = -3*l - 3*s - 13, 0 = 2*l + 3*s + 2. Let r(d) = -2*d**3 - 8*d**2 - d - 8. Is r(l) a prime number?
True
Suppose -24*g + 20*g - 324 = 0. Let u = 334 + g. Is u a composite number?
True
Suppose 3*w + 3*i - 588 = 0, 0*i + 181 = w - 2*i. Is w a composite number?
False
Suppose 722 = -7*h + 3417. Suppose 3*k = -11 - 1, 3*k = 4*j - 60. Suppose -j + h = w. Is w a composite number?
False
Let b(j) = j**3 + 10*j**2 - 16*j - 25. Let x be b(-11). Suppose 36 + x = 6*o. Is o a composite number?
False
Suppose -178712 = -12*a + 1101724. Is a a prime number?
True
Let o be ((-4)/3)/((-80)/180). Suppose -o*z = 3 + 3. Is (4/(-5))/(z/205) a prime number?
False
Suppose -l + 13389 = 1870. Is l a prime number?
True
Is (0 - -5578)*36/72 composite?
False
Let a(j) = 107*j - 3. Let l be a(4). Is l/(-10)*6/(-5) composite?
True
Let o = 48190 - -2959. Is o prime?
False
Let p = 61844 + -33501. Is p prime?
False
Let k(l) = 230*l + 281. Is k(33) composite?
True
Suppose -a - 977 = -2*w, 2*w + 2*a = 265 + 727. Let q = 862 - w. Is q a composite number?
True
Suppose 0 = 3*q - 4 - 2. Let a be q*2*5/(-4). Let u = 2 - a. Is u prime?
True
Let v = 1093 + 4888. Is v prime?
True
Is (-79)/(2/62*(-31 - -30)) a prime number?
False
Suppose -38746 = -2*f - 5*c, -4*f + 2*c - 19375 = -5*f. Is f/35 - ((-1)/(-5))/(-1) composite?
True
Suppose 0 = 3*p + 12, 4*f + 0*f + 2*p = 16. Suppose f*y - 11*y + 455 = 0. Is y a composite number?
True
Suppose -3*u - r = -4*u + 977, 0 = 4*u + r - 3908. Is u prime?
True
Let d = -3426 - -11009. Is d composite?
False
Let s(l) = 4194*l**2 + 18*l - 1. Is s(-3) a prime number?
True
Suppose 0 = 3*k + 3*w + 2799, 3*k + 1598 + 1206 = -2*w. Let o = -575 - k. Suppose 0 = 2*l - 5*l + o. Is l a composite number?
True
Suppose n = 7 + 10. Let h(j) = -j**3 + 16*j**2 + 18*j + 5. Is h(n) a composite number?
True
Let v = -13 + 6. Let b(h) = -447*h + 14. Let l be b(v). Suppose -3*g + l = 386. Is g composite?
False
Let n(s) = -2552*s + 89. Is n(-6) composite?
False
Suppose -5*k = -7 - 3. Suppose 3*q - 6*q = -k*x + 13, 5*x = -2*q + 4. Let p(i) = 209*i - 5. Is p(x) a composite number?
True
Let a = 17579 - 10116. Is a prime?
False
Let f = -103 - -108. Suppose -o + 1814 = -5*v, -f*o - 4*v = -0*o - 9215. Is o prime?
False
Let f(l) = -l + 145. Let t = 4 - -7. Suppose t = -n - 4*v - 5, -n = -4*v - 16. Is f(n) a prime number?
False
Let g be ((-30)/(-50))/(2/30). Suppose 4*v - g*v = -6265. Is v composite?
True
Let w(d) be the second derivative of 1/2*d**2 + 2/3*d**4 + 1/2*d**3 + 12*d + 0. Is w(6) prime?
True
Suppose -4*z = 769 - 7845. Let v = 2656 - z. Is v a composite number?
False
Let d(w) = -w**2 - 20*w - 67. Let t be d(-16). Suppose -5*s + s + 64 = 0. Let o = s + t. Is o a prime number?
True
Suppose 0 = -3*f + 5*n - 41, -4*f - 18 = -2*n + 18. Is 89 + f + 3*-1 prime?
True
Let b = 18 - 18. Let w = b + 2. Suppose w*j = j + 13. Is j prime?
True
Let l = -408 + 8865. Is l a prime number?
False
Let r(p) = -4*p**3 - p**2 + 6*p + 18. Let w be r(8). Let s = -199 - w. Is s a composite number?
False
Suppose 2*g - g - 5 = 0. Suppose 3*s + s = -5*r + 958, 5*s - 1220 = 5*r. Suppose g*c + s - 897 = 0. Is c a composite number?
False
Let h(q) = -7 + 3*q**3 - 18*q - 4*q**3 + 11*q**2 + 8*q - 7. Is h(9) composite?
True
Let a(w) = 16*w**2 + 11*w - 34. Is a(9) composite?
False
Suppose -u = 7*w - 3*w + 9, -u - 2*w - 3 = 0. Suppose -i - 2*p = 2*p - 133, -5*i - u*p = -733. Is i composite?
False
Suppose 6*q = 8*q - 4546. Let r = 60 + q. Is r a composite number?
False
Suppose 920 = -4*w + 4068. Is w a prime number?
True
Let m = 982 - 671. Let t = m - 546. Let i = t + 362. Is i composite?
False
Let f(v) = 7*v**2 + 8*v. Suppose -r = -5*r + 3*d + 23, -4*r + 4*d = -28. Let p be (-1 - (r + 3)) + -1. Is f(p) prime?
False
Is (-1 - 5440/(-5))/((-5)/(-265)) a composite number?
True
Let t be (-4)/(-4)*5 - -1. Let u be (-3)/t*(-3 + 1). Is (8 - 9)/(u/(-77)) a prime number?
False
Let o(s) = -s**3 + 11*s**2 - s + 13. Let l be o(11). Suppose l*c - 63 = 51. Suppose 0*b = -b + c. Is b a prime number?
False
Suppose 0 = 5*y + 3*x - 20519, -3*y + 4*x = -2*y - 4113. Is y a composite number?
True
Suppose 0 = f + 233 - 813. Suppose f = g + 83. Is g composite?
True
Let i(c) = c**3 - 16*c**2 - 32*c - 29. Is i(24) a prime number?
False
Let x = -5521 - -26550. Is x composite?
True
Let b(m) = 9*m**2 + 4*m - 2. Let l be 5/(-5) - 3/1. Let v be b(l). Suppose -1231 = -5*y - v. Is y prime?
False
Let n(h) = h + 1. Let w be n(5). Suppose w*u = u + 10. Suppose u*c - 181 = 405. Is c composite?
False
Let z = -22476 + 31847. Is z a composite number?
False
Let c = -13 + 16. Suppose 296 = -2*v + 4*f + 814, 762 = 3*v - c*f. Is v composite?
True
Let z(r) = -3*r - 3*r**2 - 1 - 2 - 2 - 9*r**2. Let g(d) = 11*d**2 + 2*d + 4. Let i(x) = 3*g(x) + 2*z(x). Is i(-4) a prime number?
False
Suppose 8*m - 39410 = -2*m. Suppose -7*c + m = -0*c. Is c a prime number?
True
Let l = -174 + 366. Suppose 4*k + 297 = -203. Let n = l + k. Is n prime?
True
Let j(d) be the third derivative of d**5/6 - d**4/12 + 3*d**3/2 - 7*d**2. Let v be j(-6). Is v - (4 + -6)*-1 prime?
True
Is (27 - 2208)/((-6)/38) a prime number?
False
Let o = -16 + 16. Suppose -3*u - 17 + 29 = o. Suppose -4*f - 377 = -d - 0*d, -1885 = -5*d - u*f. Is d a prime number?
False
Let w(s) be the first derivative of 4*s**3/3 + 9*s**2/2 - 9*s - 1. Let n = -19 - -27. Is w(n) composite?
True
Is (175688/32)/(5/20) a prime number?
True
Let q(p) = 40*p**2 - 7. Let s be 1/2 - 7/(-2). Is q(s) prime?
False
Suppose 0 = 3*x - 5*x + 3*z - 149, -3*x - 214 = 5*z. Let q = x - -96. Is q a composite number?
False
Let x = -14 + 19. Let w be (-45)/x*2/(-6). Suppose -555 = -w*n - 138. Is n a composite number?
False
Is (-19768)/(-7) + 15/(-3) composite?
False
Let g be -57*(-2)/8 - (-27)/36. Suppose -2*n + g = -223. Is n composite?
True
Suppose 0 = -9*o + 13*o - 8. Let i(n) = -14 - 5 + 3*n**2 - 5*n**2 + 3*n**o - 3*n. Is i(-9) a composite number?
False
Let t = 760 - -134. Suppose -4*l = 2*i - t, 0*l + 1812 = 4*i + 2*l. Let r = i - 196. Is r prime?
False
Let v(y) = -y**2 - 9*y - 9. Let h(x) = -2*x**2 + 4. Suppose -24 = -2*a - 20. Let n be h(a). Is v(n) composite?
False
Let c(v) = -2 + 2*v**2 + 12*v**2 - 8*v - 3*v**3 + 6 + 11. Let w be c(10). Is w/(-35) - (-12)/(-21) composite?
False
Suppose -3*w + 4*g + 1331 + 392 = 0, 5*w - g = 2866. Is w prime?
False
Suppose 5*l + 4*c - 138101 = 2*c, l + 5*c = 27634. Is l composite?
True
Let h = -999 + 8150. Is h a prime number?
True
Let r = -842 - -1335. L